rime factors of g?
5, 17
Let z(q) = 6*q**2 + 24*q + 36. List the prime factors of z(-48).
2, 3, 353
Suppose 3*a + c = -a + 11427, 8600 = 3*a + 5*c. List the prime factors of a.
5, 571
Suppose 44*t + 157*t - 11030076 = 0. What are the prime factors of t?
2, 3, 17, 269
Let p = -10 + 0. Let r be p/35*(-7)/(-3)*3. Let w(q) = -13*q**3 - 2*q**2 - 4*q - 3. List the prime factors of w(r).
101
Suppose 23*c + 5*z = 26*c - 22269, -2*z - 37096 = -5*c. What are the prime factors of c?
2, 3709
Let c(n) = -2*n**3 - 6*n**2 + 6*n - 14. Let t(s) = 3*s + 12. Let i be t(-6). Let q be c(i). Suppose 3*l - q - 11 = 0. What are the prime factors of l?
59
Suppose -5*a = 276 + 459. Let o = 1841 - a. Suppose -16*f + 2*f + o = 0. What are the prime factors of f?
2, 71
Suppose 378*s - 373*s - z - 18697 = 0, -4*s + 14946 = 5*z. List the prime factors of s.
3739
Let s(c) = 7 - 2*c**2 + 17 - 47*c + 12*c. Let h be s(-18). Suppose h*i = 26*i - 3780. What are the prime factors of i?
3, 7
Let z(p) = 2*p**2 + 83*p - 1043. What are the prime factors of z(18)?
7, 157
Suppose 3*t - 2303 - 9208 = -5*s, 4*t + 2316 = s. Suppose -s - 1456 = -4*g. What are the prime factors of g?
2, 5, 47
Let g = -1516 - -4011. Suppose -9*k + 3697 = -g. List the prime factors of k.
2, 43
Let m(u) = u**3 + 11*u**2 - 9*u - 26. Let c(j) = -j**3 - 19*j**2 - 16*j + 25. Let s be c(-18). List the prime factors of m(s).
73
Let l = -9129 + 15967. List the prime factors of l.
2, 13, 263
Let t(z) = 8*z**2 + 13*z + 82. Let m be t(15). Suppose 35*q - m - 3768 = 0. What are the prime factors of q?
167
Let u = 15 + -42. Let n = 34 + u. Let l(f) = -f**2 + 7*f + 15. List the prime factors of l(n).
3, 5
Let r(a) = -a**3 + 9*a**2 - 11*a - 12. Let f be r(7). What are the prime factors of (-8 - (-10926)/f)/(2 - 1)?
2, 3, 67
Suppose 2*o - 17 = o. Let r = o - 11. Suppose 0 = r*t - 17 - 7. What are the prime factors of t?
2
Suppose 24*n + 6524 = 16734 + 8606. List the prime factors of n.
2, 7
Suppose 5*r + 3*q = -1 - 266, -2*r - 3*q - 105 = 0. Let j be (-24)/(-11) - 4/22. List the prime factors of j/(-4)*(3 + 3) - r.
3, 17
Suppose 0 = -36*c + 21*c + 30. List the prime factors of (-4 + 8 + -45)*(-2)/c.
41
Suppose -5*k - 45 = -3*f, -k - 21 = -2*f - f. Let t be ((-20)/k)/((-34)/(-3315)). Suppose v - 6*v = -t. List the prime factors of v.
5, 13
Let t(x) = 57*x**3 - 5*x**2 + x - 16. What are the prime factors of t(6)?
2, 11, 19, 29
Suppose 51*y - 54*y = -15. Suppose 0 = -3*w - 5*j + 1115, 0 = -y*j + 5 + 15. List the prime factors of w.
5, 73
Let r(t) = 1519*t + 15273. What are the prime factors of r(-7)?
2, 5, 29
Let p(y) = -y**2 - y + 28. Let n be p(5). List the prime factors of (n + 1760/15)/((-4)/(-18)).
3, 173
Suppose 2165 = 5*r + 4*l - 4427, -3*r + 3962 = -l. Let t = -938 + r. List the prime factors of t.
2, 191
Let g be (-98)/21*18/(0 + 2). Let z = g + 94. Let j = z - -92. What are the prime factors of j?
2, 3
Let m(y) = 6*y**3 + 8*y**2 - 10*y - 14. Let f(j) = j**3 - j**2 + j. Let c(o) = -5*f(o) + m(o). List the prime factors of c(-11).
3, 131
Let y be ((-3)/((-9)/3))/((-2)/362). Let z = y - -397. List the prime factors of z.
2, 3
Suppose -35*l + 53*l = 200844. List the prime factors of l.
2, 7, 797
Let k be 5050 - (5 + -2) - 5/(-1). Suppose 2*f = 2*v + 2546, 0*v = 4*f + 4*v - k. What are the prime factors of f?
2, 317
Let g(x) = 20*x - 10*x + 0*x**2 + 111 + 3*x**2 - 4*x. What are the prime factors of g(-8)?
3, 5, 17
Let q(p) = 44*p + 96. Let a be q(14). Suppose 5*n = 2*u + 1742, -6*n + a = -4*n + 3*u. What are the prime factors of n?
2, 5, 7
Let y(r) = -5*r**3 + 2*r**2 + 8*r - 7. Let w(g) = -3*g**3 + g**2 + 7*g - 8. Let z(k) = -6*w(k) + 5*y(k). What are the prime factors of z(-4)?
13, 41
Let f be -5 - (-2)/2*434. Let v = -755 + f. Let d = -181 - v. What are the prime factors of d?
5, 29
Let t be 64/6*(-156)/(-8). Suppose 3905 = -42*b + 209. Let f = b + t. What are the prime factors of f?
2, 3, 5
Let t be 223 - (2 + (-2 - 1)). Suppose 9*a = t + 73. What are the prime factors of a?
3, 11
Let j(d) = 548*d**3 + 5*d**2 - 25*d + 21. What are the prime factors of j(2)?
5, 7
Let a = 3603 + 43205. List the prime factors of a.
2, 5851
Suppose -8077*f - 448096 = -8127*f + 1391854. What are the prime factors of f?
7, 751
Let r = 518 - -56. Suppose 1748 = 3*u - 4*d, 5*u + 3*d - r = 4*u. What are the prime factors of u?
2, 5, 29
Suppose 2*z = 4 + 6. Let s(m) = 24*m**2 - 15*m + 15. What are the prime factors of s(z)?
2, 3, 5
Let o(t) = -12*t - 15*t - 25 - t**2 + 2*t. Let m be o(-20). Suppose -m = -4*j + 129. What are the prime factors of j?
3, 17
List the prime factors of -2 + 6 + -13 + 2265.
2, 3, 47
Let p(r) = -4*r - 20. Let q be p(-8). Suppose -9*d = 51 + q. Let c(z) = -z**3 - 5*z**2 - 8*z - 3. List the prime factors of c(d).
151
Suppose -t - 3*h - 164 = -18098, 53816 = 3*t + 2*h. What are the prime factors of t?
2, 3, 5, 13, 23
Let r(w) = 4955*w**3 + 3*w**2 + 7*w - 6. List the prime factors of r(1).
3, 19, 29
Suppose 0 = -86*t - 5*t + 700063. List the prime factors of t.
7, 157
Let y = -68 + 105. Suppose 0 = 3*u - 76 - 20. Suppose -j = -y - u. What are the prime factors of j?
3, 23
Let t = 542 + -375. Let q = 315 - t. What are the prime factors of q?
2, 37
Let f(p) = -p**3 + p**2 + 12*p + 13. Let z be f(-4). Let c = 442 + z. What are the prime factors of c?
487
Suppose q + 4*h + 138 = -q, 0 = 4*h - 4. Let g = q - -70. What are the prime factors of ((-1)/(-4))/(g/(-964))?
241
Suppose -2*a - 5*n + 92 = 0, -5*a + n = -7*a + 76. Suppose 24*c + 5700 = a*c. List the prime factors of c.
5, 19
Suppose 336 + 1896 = 6*t. Suppose 3*j - 102 + t = 0. List the prime factors of 27/(-2)*60/j.
3
Let z = -136 - -131. Let u(j) = j**3 + 3*j**2 - 3*j + 3. Let r be u(-4). What are the prime factors of 142/((3 + z)*r) + 1?
2, 3
Let p(s) = s**3 - 8*s**2 + 12*s - 20. Let k be p(6). Let g be 183/4 + (-4 - 85/k). List the prime factors of 3/(((-3)/(-18))/(g/6)).
2, 3, 23
Let u be ((-456)/18)/(4/(-6)). Suppose -2*f = x - 451, -2*x + u + 418 = 2*f. What are the prime factors of f?
223
Let j be 2*(3/2)/1. Let k(l) = l**2 - 2*l**j + 3*l + 2 - 15*l**3 + 0*l**3. List the prime factors of k(-2).
2, 17
Let b(w) = -w**3 - 18*w**2 - 20*w - 18. Let z(x) = -x**2 + 2*x + 7. Let r be z(0). Suppose r*i + 34 = 5*i. List the prime factors of b(i).
3, 11
Let c = -4134 + 5722. What are the prime factors of c?
2, 397
Suppose 0 = -3*b + 2*q + 83026, 0 = -13*b + 17*b + 3*q - 110724. What are the prime factors of b?
2, 3, 7, 659
Let s be 4 - (6*-144 - 0). Suppose -4*i + 872 = -2*t, 7*i - 11*i = -3*t - s. List the prime factors of i.
2, 5, 11
Let v(d) = 13*d + 7*d - 49 + 7*d**2 + 10*d**2 - 16*d**2. List the prime factors of v(22).
5, 7
Let w = 248 - 163. Let v = 344 - w. List the prime factors of v.
7, 37
Suppose -34 = -9*h + 12*h - 4*v, 20 = -2*h + 2*v. What are the prime factors of (2/(2/(-99)))/(h/102)?
3, 11, 17
Suppose 5*n - 12482 = -2*a, 4*a + 2*n + 1410 = 26374. What are the prime factors of a?
79
Suppose -3*w + i = -32, -3*w - i + 41 = 1. Suppose -w*f - 142 = -14*f. Suppose -f*g - 148 = -75*g. List the prime factors of g.
37
Suppose 23*z - 2559 = 341613. What are the prime factors of z?
2, 3, 29, 43
Suppose 153*c = 152*c + 21018. What are the prime factors of c?
2, 3, 31, 113
Let f be (-2)/(0 - 2/10*5). Suppose 4*c - 127 = -3*h + 118, 145 = f*c - 3*h. List the prime factors of c.
5, 13
List the prime factors of 31644/10*(-12)/108*-45.
2, 3, 293
Let h = 10485 - 9135. What are the prime factors of h?
2, 3, 5
Suppose 4*q - w + 1 = 3*q, 3*w + 5 = q. List the prime factors of q - -3 - 601*(3 + -4).
2, 3, 5
Suppose -5*f - 5*a + 51600 = 0, -2*a - 51507 = -4*f - 10251. What are the prime factors of f?
2, 2579
Let j = 3507 - 2312. What are the prime factors of j?
5, 239
Let o = -168 - -191. Let f(y) = 5*y + 48. What are the prime factors of f(o)?
163
Let g(r) be the first derivative of 34*r**2 + 8*r + 35. Let n be g(9). Suppose -136 - n = -6*y. What are the prime factors of y?
2, 3, 7
Let y(i) = 23597*i - 347. List the prime factors of y(2).
79, 593
List the prime factors of ((-4)/(-24)*8)/(3697466/528207 - 7).
2, 10357
Suppose -39*u + 240 = -27*u. Suppose -u*c + 21*c - 743 = 0. List the prime factors of c.
743
List the prime factors of 4647 + 196 + -5*1*-1.
2, 3, 101
Suppose 24*c -